4*v = -2*g + l, -5*v - 4*g + 1 = -2. Let n(u) = 5*u - 1. What is n(v)?
-6
Let i(s) = -3*s + 6. Let b be -6*(-2 - 16/(-6)). Let k(n) = -n + 1. Let h(l) = b*k(l) + i(l). Determine h(-4).
-2
Let p(b) = -3*b**2 + 4*b - 3. Let x(l) = -7*l**2 + 8*l - 6. Let w(s) = -9*p(s) + 4*x(s). What is w(-3)?
6
Let w(j) = -j + 8. Let z be w(2). Let b(x) = -x**2 + 6*x - 2. Give b(z).
-2
Suppose 4*m + 3*r - 24 = -1, 3*m - 5*r + 19 = 0. Let j(w) = 11*w + 1. Let n(u) = 16*u + 0 + 2 - 1. Let x(g) = -7*j(g) + 5*n(g). What is x(m)?
4
Suppose -2*x + 9 + 1 = 0, -4 = -2*h - 2*x. Let z(k) = -k**3 - k**2 + 4*k + 3. Calculate z(h).
9
Let b(c) = c - 4. Let i(t) = -t**2 + 3*t + 12. Let a be i(6). Give b(a).
-10
Let y be (1 + 0)*(3 - 2). Suppose 3*w - 2*q = 35, 0 = -4*w + 4*q + 40 + 8. Let r(h) = -3*h + 5. Let a(l) = 8*l - 14. Let p(u) = w*r(u) + 4*a(u). Give p(y).
-2
Let y(x) = -x**2 - 1. Let m(h) = h**3 + 5*h**2 + h + 11. Let f(g) = m(g) + 6*y(g). Give f(0).
5
Suppose 0 = 3*g - 7*g. Let s(f) be the first derivative of f**5/120 + f**4/3 + 5*f**3/3 - 5. Let c(l) be the third derivative of s(l). What is c(g)?
8
Let h(s) = 2*s - 2 - 4*s + 1 - 10*s**2. Calculate h(-1).
-9
Let j(k) = 6*k - 26. Let c(l) = -4*l + 17. Let w(n) = 8*c(n) + 5*j(n). Let q = 38 + -33. Calculate w(q).
-4
Let h be (2 - 2)/(-2 - -1). Let j(a) = 3*a**2 - a. Let g be j(-1). Suppose 0*o - o - 2 = -3*i, h = -g*o + 4. Let p(d) = 10*d**3 + 2*d**2 - d. Calculate p(i).
11
Let d(q) = -3*q + 2. Let m(u) = -5*u**2 - 10*u + 13. Let o(l) = -11*l**2 - 21*l + 27. Let b(w) = 9*m(w) - 4*o(w). Let k be b(-7). Calculate d(k).
-4
Suppose -3*c + 9 = -2*c. Let u = c + -5. Let q(f) = u*f + 4*f**2 + 0*f**2 - 3*f**2. Calculate q(-4).
0
Let n(v) be the second derivative of 0 + v**3 - 6*v - 1/2*v**2. Give n(-1).
-7
Let d(y) be the third derivative of -y**5/20 + y**4/24 - y**3/2 - 5*y**2. Let r(m) be the first derivative of d(m). Calculate r(1).
-5
Let v(g) = -8*g. Let q(s) = 7*s + 0 + 1 - 8 + s**2. Let f be q(-8). Determine v(f).
-8
Let h = -9 + 2. Let l(g) = g**3 + 7*g**2 + g + 6. Let c be l(h). Let x(f) = -f**2 + 6*f - 6. Let t(o) = -o + 1. Let d(y) = c*x(y) - 4*t(y). What is d(3)?
5
Let d(k) = -k**3 - 6*k**2 - 2. Let w be 104/(-18) - (-8)/(-36). Let z be d(w). Let a(c) = 2*c - 5. Let x(s) = s - 3. Let j(y) = 3*a(y) - 5*x(y). Calculate j(z).
-2
Let s(u) = u**3 + 3*u**2 - 6*u - 2. Suppose -3*l - 2 = 2*q, -l = l + 5*q - 17. Calculate s(l).
6
Suppose 0 = -3*w + x - 12, -4*w - 3*x = 38 - 9. Let q(o) = 3*o + 7. Determine q(w).
-8
Let v(b) = -2*b - 13. Let l(h) = 3*h + 18. Let s(f) = 5*l(f) + 7*v(f). Let k = 1 + -1. Suppose k*n + 5 = n. What is s(n)?
4
Let z(o) = 0 + 0*o + 2 + 2*o. Let w be 1 - -2 - (2 + -2). Determine z(w).
8
Let q(x) = 4*x**3 + x**2 + x. Let n be q(-1). Let c(l) = -l**3 - 5*l**2 - 4*l. Calculate c(n).
0
Let c = -17 + 24. Let m(s) = -14 - s + 31 - c. Calculate m(7).
3
Let x(u) = -u**3 + 4*u**2 + 4*u + 7. Let q be x(5). Suppose 3*h - 5 = 4. Let i(a) = -q*a + 0*a**2 - h*a + a**2. Calculate i(5).
0
Let l(g) = -g**3 - 2*g**2 + g - 1. Let p be l(-3). Suppose 0 = -2*i + 2 + 2. Let x(t) = 3*t - 3*t**2 + 4*t - t**3 + 7*t**i. Determine x(p).
10
Let w = 18 - 13. Let q(j) = -j - 1. Let o(h) = h + 1. Let k(a) = -3*o(a) - 4*q(a). What is k(w)?
6
Let d(r) = 2*r + 2*r + 2*r. Suppose 0*f - f = s - 4, 5*f - 5*s = 0. What is d(f)?
12
Let x be 12/(-10)*-1 - 6/30. Let i(g) = -4*g**3 + g. Give i(x).
-3
Suppose 0 = -4*w - 5*i + 36, 3*w - 2*w = 2*i - 4. Suppose 3*f = w - 7. Let q(m) = 5*m**3 + m**2 + m + 1. What is q(f)?
-4
Let c(d) = 13*d - 21. Let z(i) = 3*i - 5. Let g(b) = 4*c(b) - 18*z(b). Determine g(4).
-2
Let j(n) = 2*n**2 - 5*n + 2. Let l be 0 + (2/(-6))/(2/(-18)). Determine j(l).
5
Let l(f) = 3 - 17*f - 14*f + 24*f. What is l(2)?
-11
Let q = -31 - -24. Let a(b) = -b**2 - 7*b. Give a(q).
0
Let t(r) be the first derivative of -r**2 - 6*r - 11. What is t(-4)?
2
Let r be (-1 + 2)*4/(-1). Let a = r + 7. Let k(u) = u**3 - 4*u**2 + u + 2. Determine k(a).
-4
Let d(o) be the third derivative of -o**8/2240 + o**7/5040 - o**5/12 - 6*o**2. Let x(l) be the third derivative of d(l). What is x(-1)?
-10
Let y be 1/(-2 - (-14)/6). Suppose -y*s = 5*v - 0*s - 13, 4*s = -16. Let i(p) = -p**3 + 5*p**2 + p + 6. What is i(v)?
11
Let o(m) be the first derivative of -m**5/20 + m**3/6 + 3*m**2/2 + 4*m - 1. Let l(k) be the first derivative of o(k). What is l(0)?
3
Let j(l) = l**3 + 2*l**2 - 2*l - 1. Let k be (-14)/(-5)*45/18. Let s(t) = t**2 - 7*t - 3. Let a be s(k). What is j(a)?
-4
Let d be 6/(-10) - 14/35. Let k = d + 2. Let h(j) = -7*j**3 + j**2 - 2*j + 1. Determine h(k).
-7
Let l(f) be the first derivative of -f**5/120 + 7*f**4/24 + 2*f**3/3 - 2. Let p(n) be the third derivative of l(n). What is p(-5)?
12
Let s be -1*(-10)/4*2. Let c(p) = 4 + 5 + p + 5 + 13*p**2 - 2*p**3 + 5*p**3. Let b(r) = -2*r**3 - 7*r**2 - 7. Let n(h) = 5*b(h) + 3*c(h). Determine n(s).
-3
Let i(w) = 14*w**2 + 3*w - 14. Let s(z) = -5*z**2 - z + 5. Let p(b) = 4*i(b) + 11*s(b). Give p(-2).
1
Suppose -2 = -5*z + 4*z. Let p(w) = z*w**3 + 4*w**3 + 4*w + 5*w**2 - 5*w**3. Let m be p(-4). Let v(f) = f**3 + f**2 - 8. Give v(m).
-8
Let i = 5 - 5. Suppose -4*d + d - 18 = i. Let p = d - -7. Let a(k) = -4*k**2. What is a(p)?
-4
Suppose -3*i - 2*i = -10. Suppose -i = -y + 6. Suppose 0 = 4*o - 0 - y. Let p(l) = -l + 1. Calculate p(o).
-1
Let o be -1 + -1 + (-4 - -11). Suppose -o*r - 2 = -3*s, 3 = -r - 5*s - 3. Let w(z) = z**2 + 3*z + 1. Calculate w(r).
-1
Let u be -1 - -4 - (-7)/(-1). Let h(d) = d**3 + 3*d**2 - 4*d - 5. Calculate h(u).
-5
Let a(d) = -d**2 + 5*d - 8. Let w(i) = -i. Let o(n) = -a(n) + 2*w(n). Determine o(6).
2
Let f(t) = t**3 - 3*t**2 - 12*t + 13. Let v be f(5). Let y(d) = -6*d + 1. Let r(w) = 5*w - 2. Let x(l) = -5*r(l) - 4*y(l). Determine x(v).
3
Suppose 4*m + 4*u + 12 = 2*u, -3*u = 12. Let z(w) = w**2 - w - 1. Let o(p) = 5*p**2 - 12. Let y(d) = m*o(d) + 6*z(d). Calculate y(6).
6
Let x(y) = 5*y + 2. Let t(g) = 9*g + 3. Suppose -4*z = 3*h + 9, -h + 2*z - 3 = 4*z. Let w(m) = h*t(m) + 5*x(m). Determine w(-1).
3
Let r(z) = -z**2 - 3*z + 6. Suppose -m = -6*m - 25. Calculate r(m).
-4
Let x(p) be the first derivative of -3*p**2/2 + p + 11. Calculate x(-1).
4
Let z(g) = 11*g**2 + 2*g - 1. Let r(n) = -4*n - 107. Let w be r(-27). Determine z(w).
12
Let a(q) be the first derivative of -q**4/4 - 5*q**3/3 - q**2 - 3*q - 31. Let x(c) = -c**2 - 5*c - 5. Let m be x(-5). Determine a(m).
7
Suppose -3*r - 3*r = 0. Let m(p) be the first derivative of 1/3*p**3 - 1 + r*p - p**2. Give m(2).
0
Let m(s) = s**2 - 5*s**2 - 17*s - 10*s**2 + 18*s + 1. Determine m(-1).
-14
Let a(d) = d**3 - 5*d**2 - d. Suppose 0 = 11*q - 4*q - 35. What is a(q)?
-5
Let z(r) = -5*r - 5. Let c(t) = -t**2 - 4*t + 10. Let p be c(-7). Let i(a) = -14*a - 16. Let f(v) = p*z(v) + 4*i(v). Calculate f(-7).
-2
Let l be 2*(2 - (-3)/(-3)). Let a(t) = -t**2 + 2*t - l*t + 0 - 3*t - 1. Determine a(-2).
1
Suppose 0 = -5*n - 7 - 3. Let l(b) = -14*b**2 + 3*b - 11. Let q(w) = 5*w**2 - w + 4. Let k(s) = -6*l(s) - 17*q(s). Calculate k(n).
-4
Let z(c) = -3*c + 1 - c**3 + 2 - c**2 + 0*c + 2*c. Determine z(0).
3
Let p = -68 + 76. Let l(i) = i**2 - 8*i + 7. What is l(p)?
7
Let r(d) = 2*d + 3*d - d**2 - 3 + 6. Let p be 10*(-3 + (-7)/(-2)). Calculate r(p).
3
Let g(u) = u**3 + 3*u**2 + u + 2. Let x(n) = -2*n**2 - 2*n + n**2 - 2*n - 3. Let t be x(-4). Calculate g(t).
-1
Let m(a) = -4*a**2 - a + 4. Let x be (-1)/(-1 + 2)*-3. Let y(f) = 5*f**2 + f - 5. Let c(u) = x*y(u) + 4*m(u). Give c(0).
1
Let t(y) be the third derivative of -y**6/120 - y**5/15 + y**4/24 - 5*y**3/6 - 8*y**2. Determine t(-5).
15
Let h(i) = 4*i + 4. Suppose -5 = 5*a + 4*q - q, -5*a = q + 15. Calculate h(a).
-12
Suppose -2*y + 5 = 13. Let w(r) = -38*r - 7. Let u(f) = 14*f + 2. Let g(z) = -8*u(z) - 3*w(z). What is g(y)?
-3
Let z(p) = 2*p + 3. Let x be z(-4). Let a(s) = 5 - 21*s - 2 + 22*s. Determine a(x).
-2
Let w = 31 + -29. Let x(r) = 3*r + 2. What is x(w)?
8
Let s(t) be the first derivative of t**3/3 + 3*t**2 - 6*t - 7. Determine s(-6).
-6
Let s(d) = 3*d + 1. Suppose 7*l - 8 = -1. Determine s(l).
4
Let m(f) = -f + 18. Suppose -2*v + 5*v = -4*o + 12, 0 = -2*v + 8. What is m(o)?
18
Let w(t) = -2*t**2 - 4*t - 1. Let i be w(-2). Let u(h) = -15*h**2 - h. Determine u(i).
-14
Let f be 1 + (-4)/2 +